*i**2. Let r(t) = -t**2 + 4*t + 1. Let a be r(2). Give k(a).
13
Suppose 5*v + 5*r - 20 = -0*r, 0 = -v + 5*r - 2. Let a be (-3287)/171*(-54)/6. Let x(u) = -u**2 + 57*u + 1 - 233*u + a*u. Determine x(v).
-17
Let d = 24678 + -24677. Let z(k) = 12*k**3 + k**2 + 3. Calculate z(d).
16
Let o = -2969 - -2974. Let h(i) = -9*i + 9. Give h(o).
-36
Let b(x) = 77*x + 1927. Let s be b(-25). Let i(g) = 10*g**3 + 5*g**2 - 3*g - 4. What is i(s)?
90
Let v(h) be the first derivative of -3*h**2/2 + 18*h + 647. Calculate v(-7).
39
Let o(u) = 240*u - 13 - 242*u - 13. Let g be o(-12). Let t(n) = 2*n**3 + 2*n**2 + n + 4. What is t(g)?
-6
Let g(u) be the third derivative of u**6/120 + 3*u**5/20 + 11*u**4/24 - 11*u**3/6 + u**2 - 72*u. Determine g(-8).
-35
Suppose 0 = -21*a - 8*a. Let q(k) = 108 - 111 + 4*k + a*k. Let r = 6 - 3. Determine q(r).
9
Let o be (-5 + 6 - -5) + -1*4. Let k(c) = -2 - 4*c - 29*c**2 + 2*c + c**3 + 60*c**2 - 29*c**o. Give k(-2).
2
Let s = 6 - 1. Let f(i) = -196*i + 22. Let q(j) = 20*j - 2. Let o(k) = f(k) + 10*q(k). Calculate o(s).
22
Let w(z) be the second derivative of -z**3/2 + 43*z**2 - 498*z. What is w(33)?
-13
Suppose m - 2*v = -30, 3443*m + 5*v = 3441*m - 24. Let q(o) = o**2 + 62*o + 885. What is q(m)?
5
Let d(a) = a**2 - a + 1. Let n be -15*-3*2/18. Suppose -4*g + 24 = -3*g - 4*v, 4*v = -n*g. What is d(g)?
13
Let k = -645 + 655. Suppose -2*p = -2*j + k, -3*j - 25 = -8*j + p. Let u(g) = -2*g. Determine u(j).
-10
Let u(t) be the first derivative of -t**4/4 + 2*t**3 - 5*t**2/2 + 27*t + 3. Let a be u(6). Let c(p) = -3*p + 3. What is c(a)?
12
Let o(h) = -h**2 + 6*h + 34. Suppose 92 = -31*k - 100*k + 1271. Calculate o(k).
7
Let l = -63 + 117. Let k be -2*(3 - l/12). Let y(p) = -p**2 + 4*p + 3. What is y(k)?
6
Let w(v) = v**3 + 4*v**2 - 4*v + 6. Let k be 3/((-9)/6) - -4. Suppose k*m = -2*m - x - 24, 4*x + 26 = -2*m. What is w(m)?
1
Let a(s) = s**2 + 3985*s - 10 - 15931*s + 3979*s + 3968*s + 3985*s. Suppose 2*h - 4*h + 8 = 0, 0 = -y + 2*h + 7. Give a(y).
5
Let b(i) = -i**3 - 16*i**2 - 27*i + 17. Suppose 0 = -v - 3*x - 17, -4*x + 30 = -2*v + 6. Give b(v).
3
Suppose 0*z + 3*z - 18 = 0. Let l(p) = 2*p**3 - z*p - 3*p**3 + 7*p. Let b = 56 - 58. What is l(b)?
6
Suppose 2*q + 7 + 1 = -4*w, 5*w + 2*q = -8. Let x(m) be the second derivative of -m**2 - 1/2*m**3 + w - 21*m. What is x(2)?
-8
Let c(i) = i + 3. Let a = -402 - -403. Let h(o) = -12*o - 14. Let d(y) = a*h(y) + 6*c(y). Determine d(-2).
16
Suppose -4182*x + 39 = -4169*x. Let s(j) be the second derivative of 0 - 1/6*j**x - 2*j**2 - 23*j. What is s(-4)?
0
Let a = -38198 - -38186. Let t(n) = 5*n**2 + 12*n - 5. Let j(x) = 4*x**2 + 12*x - 6. Let l(p) = 4*j(p) - 3*t(p). What is l(a)?
-9
Let w(c) = 4*c**2 + 5*c - 7. Let f(u) = u**2 + 17*u - 15. Let z be f(-18). Let q(b) = -3*b**2 - 6*b + 6. Let t(l) = z*q(l) + 2*w(l). What is t(-6)?
16
Let q(s) = 21*s + 31*s + 24*s - 101*s + 24*s - 6. Give q(9).
-15
Let x = -30 - -32. Suppose s + 6 = -0*s + x*d, d - 4 = 0. Suppose -4*p = -3*u - 22 + s, 12 = -3*u. Let n(c) = -c**3 + 2*c**2 + 3*c - 3. Determine n(p).
3
Let i(a) be the third derivative of a**7/840 + a**6/360 + a**5/120 + a**4/24 + 9*a**3/2 + a**2 - 100*a. Let p(j) be the first derivative of i(j). What is p(0)?
1
Let b(m) = m - 13. Let k(w) = -16 + 17*w - 133 - 79. Let u be k(14). Give b(u).
-3
Let r = -27 - -126. Let j be 2*(r/(-6) + 2). Let d = -28 - j. Let f(y) = 17*y**3 + y**2 - 2*y + 1. What is f(d)?
17
Let t(x) = x**3 - 10*x**2 + 11*x. Suppose -30*s = -1078 + 808. Determine t(s).
18
Let n(a) = -9*a**3 + 54*a**2 + 3*a + 4. Let x(y) = 66*y + 4758. Let d be x(-72). Give n(d).
22
Let m(b) = -7*b + b**3 + 107 - 45*b - 17 - 137 + 23*b**2 + 0*b. Calculate m(-25).
3
Let i = 8 - 15. Let q(u) = -32*u + 332. Let p(l) = 15*l - 150. Let c(b) = 11*p(b) + 5*q(b). Calculate c(i).
-25
Let h(y) = -y**3 - 7*y**2 + 7. Let x be h(-7). Let v = -375 - -377. Let p(k) = -k**v + 159 - 164 + 11*k - 3*k. What is p(x)?
2
Let p(m) be the third derivative of m**6/120 - m**5/6 - m**4/12 + 8*m**3/3 + 52*m**2 - 3*m + 16. Suppose 3*x + 26 = 2*y, 3*y - 4*x + 32 = 7*y. Calculate p(y).
-4
Let i(v) = 25*v**2 - 2*v - 12*v**2 - 8*v**2 - 12 + 11. Let q = 2 - 4. Let p be q/6 - (-6)/(-9). Give i(p).
6
Let h(x) = 3*x + 1. Let q(g) = -18*g - 11. Let j(y) = -5*h(y) - q(y). What is j(0)?
6
Let q(d) be the first derivative of 9*d**2 + 197*d - 11986. What is q(-10)?
17
Let u = -883 + 997. Suppose -2*n + 122 = 3*k, -k = 4*n - 1 - 33. Let c be 16/7 + -2 + u/k. Let x(o) = -o**3 + 2*o**2 - 4. What is x(c)?
-13
Suppose -15*z + 16 = 3*q - 11*z, 3*z = -3*q + 18. Let o(f) = -f**3 + 6*f**2 + 33*f - 129. Calculate o(q).
7
Let l = 6551/10 + -655. Let r(x) be the third derivative of -6*x**2 - l*x**5 - 1/120*x**6 - 1/6*x**3 - 1/6*x**4 + 0 + 0*x. Give r(-5).
-6
Let h(p) = -2*p + 4*p + 4 - 3*p. Let i be 23 + -15 - ((-6)/1)/(-3). Give h(i).
-2
Suppose 48*x = 18592 - 18448. Let o(f) be the first derivative of 25 + 0*f - 3/4*f**4 - 3/2*f**2 + 4/3*f**x. Calculate o(2).
-14
Let w(x) = -2*x - 7. Let u be w(-4). Let j(d) = -d**2 - 1 + 9131934*d - 9131932*d - d**3 + 2*d**3. Calculate j(u).
1
Let j(k) = -25*k**3 + 67*k**2 - 25*k - 56. Let u(g) = 64*g**3 - 167*g**2 + 62*g + 138. Let t(y) = 18*j(y) + 7*u(y). Give t(18).
-6
Let x = -4083 - -4085. Let i(h) be the first derivative of -4*h**x - 2/3*h**3 - 8 - 3*h. What is i(-5)?
-13
Let s(x) be the first derivative of x**4/4 + 3*x**3 + 7*x**2/2 + 8*x + 679. Determine s(-8).
16
Let f(v) = -37*v**2 - 3*v + 2. Let o be ((-1760)/(-1056))/((-5)/(-3)). Give f(o).
-38
Let i(t) = 29*t - 322. Let g = -1264 - -1275. Determine i(g).
-3
Let c(j) = 3*j**2 - 4*j - 9. Let m(a) = -5*a**3 - 2*a - 1. Let n be m(-1). Give c(n).
75
Let i be (23/(-69))/((-3)/297). Suppose -88 = -5*l - i. Let a(m) = -m**2 + 11*m + 5. Give a(l).
5
Let h(b) = b - 1. Let i(g) = 5*g + 47. Let m(v) = -2*h(v) + i(v). Let d be m(-16). Let o(r) = -10*r. Give o(d).
-10
Let h(j) = -6*j**3 - 24*j**2 - 24*j + 5. Let b(n) = 2*n**3 + 8*n**2 + 8*n - 2. Let a(q) = 11*b(q) + 4*h(q). Let d be a(-3). Let l(k) = k**2. Calculate l(d).
16
Let n(a) = 10*a**2 - 268*a - 65. Let h be (-35)/380*-292 + -2*(-5)/95. What is n(h)?
-11
Let b(d) = 4*d**2 - 14. Let w(l) = l**2 - 14*l - 3. Let a(t) = t**2 - 12*t - 3. Let z(m) = 7*a(m) - 6*w(m). Let y(s) = 2*b(s) - 9*z(s). Determine y(3).
-10
Let r = 7 - 17. Let f(j) = 4*j**3 - 82*j**2 - 2*j + 26. Let s(w) = -3*w**3 + 57*w**2 - 18. Let h(l) = -5*f(l) - 7*s(l). Determine h(r).
-4
Suppose 544 = 4*k + 112. Let z be (-6)/(-10) - k/30. Let i(h) be the third derivative of -h**4/24 + h**3/2 + 217*h**2. Determine i(z).
6
Let r(z) be the third derivative of 43*z**2 - 1/3*z**3 + 1/8*z**4 + 0 + 0*z. Calculate r(-4).
-14
Let q be (18/48*8)/1. Let b(f) = 8 + 4 + 10*f**2 + 2*f + 158*f**q - 157*f**3. Give b(-10).
-8
Let x(k) be the second derivative of k**5/10 + k**4/6 - k**3/6 + k**2 - 36*k. Let u = 47 - 17. Let s = u - 32. Determine x(s).
-4
Let g(o) = -7*o - 23. Suppose 5*j + 4*z = -75 + 70, 0 = -5*j - 5*z. Calculate g(j).
12
Let p = 1688 + -1685. Let i(c) = c**3 - c**2 - 6*c + 2. Give i(p).
2
Let q = -7 + 13. Let l(u) = 5*u - 2. Let j(r) = -6*r - 13 + 16*r + 10. Let g(d) = 6*j(d) - 13*l(d). What is g(q)?
-22
Let b(t) = 1 + 2*t + 36 - 6 + 38 - 5. Determine b(-21).
22
Let h(k) = -28*k**2 + 20*k - 102. Let f(m) = -23*m**2 + 16*m - 82. Let g(x) = 11*f(x) - 9*h(x). Calculate g(7).
-61
Let m(d) = -d**3 + 9*d**2 - 4*d - 15. Let n be m(8). Suppose n*z - 13*z = -24. Let l be (-18)/(-4)*(z + 4). Let c(u) = -u**2 - 9*u + 2. Give c(l).
2
Let r(i) be the first derivative of -i**3/6 + 9*i**2 - 2*i + 1. Let m(w) be the first derivative of r(w). Suppose -35*n + 93 + 180 + 112 = 0. Determine m(n).
7
Let y be (-2 + -31)/(342 - 341). Let w(v) = -v**2 - 32*v + 12. Determine w(y).
-21
Let i(k) = -2*k**2 + 2*k + 16. Let p be (-110)/(-70) + 4/(-7) - 3. Let u(m) = -2*m**2 + 7 + m + 1 + m**2. Let h(g) = p*i(g) + 5*u(g). Determine h(0).
8
Suppose 4*u - 8 = -4. Let p(h) be the third derivative of h**4 - h**3/6 - 104*h**2. Give p(u).
23
Let h(o) = 10*o**2 - 29*o + 2*o**3 + 39*o - 4 - 11*o. Let t(i) = 4*i**3 + 18*i**2 - 2*i - 8. Let f(p) = 5*h(p) - 3*t(p). Calculate f(-3).
19
Let n(d) = 41*d - 238. Let f(r) = -100*r + 473. Let i(g) = -2*f(g) - 5*n(g). Give i(48).
4
Suppose -330*n = 102*n + 